s 14 divide n?
False
Let f = 12 + -8. Let h be 21/6*(f - -2). Let t = h - -3. Is 15 a factor of t?
False
Suppose 0 = -2*y - 3*s + 174, -4*y - 2*s + 185 = -179. Let f(b) = 2*b**2 - 11*b - 12. Let v be f(9). Let l = y - v. Does 21 divide l?
True
Let a(g) = g**2 + g. Let z(i) = i**3 + 8*i**2 + 10*i - 9. Let u(w) = 2*a(w) - z(w). Does 23 divide u(-6)?
False
Let j(z) = z**3 - 8*z**2 + 8*z - 2. Let g be j(7). Let a(k) = k**3 - 3*k**2 - 8*k - 3. Let t be a(g). Let f = 0 + t. Is f even?
False
Let p = -1215 - -1241. Is 2 a factor of p?
True
Suppose -200*l - 2*q + 541 = -197*l, -905 = -5*l - 5*q. Is l a multiple of 14?
False
Let v(r) = 0*r**3 + 6 - 3*r**2 - 5*r**3 + 2*r**3 - r + 4*r**2. Is v(-3) a multiple of 13?
False
Suppose -2*h + 0 = -8. Is 8 a factor of h + 1*-1 + (-26 - -144)?
False
Let n(k) be the first derivative of 17*k**4/4 + 3*k**2/2 - 2*k - 32. Is 28 a factor of n(2)?
True
Suppose 2*q + 5 = -3*q. Is 14 a factor of ((-86)/q)/(11 - 9)?
False
Suppose -2*w - 3*w + 35 = 0. Suppose 5*d - 5*t - w = d, 0 = -d + 3*t. Suppose 0 = -d*h + 2*h + 32. Is 8 a factor of h?
True
Let m(l) = l + 16. Let a be m(5). Is a/1*((-448)/12)/(-8) a multiple of 14?
True
Suppose 2*x - 3760 = -4*c, 22*c = 5*x + 19*c - 9387. Is x a multiple of 40?
False
Suppose -5*u + 316 = 4*c, -4*u - 2*c = -6*u + 112. Does 30 divide u?
True
Let q = 1225 + -794. Let k be (28/6)/(10/45). Suppose 5*g - q = -k. Is 13 a factor of g?
False
Let v = -584 + 1032. Suppose -453 = -4*s - 3*p, 4*s + 4*p = -0*p + v. Is s a multiple of 13?
True
Suppose -3*b - 4*i = -70 - 4, 4*b + 4*i = 92. Suppose t - 16 = -4. Suppose -x + b = -t. Is 15 a factor of x?
True
Let j(c) = 4*c - 53. Let g be j(14). Suppose -g*o - s = -183 - 200, 0 = o - 3*s - 141. Is o a multiple of 21?
False
Let x(j) be the first derivative of -j**3/3 + 7*j**2/2 + 10*j + 3. Let h be x(8). Suppose h*g - 13 - 23 = 0. Does 9 divide g?
True
Let d = 12 - 2. Suppose 0 = -4*s + z - 12, -4*z = 4*s - d + 2. Does 6 divide s/(-3)*-6 - -15?
False
Does 4 divide (1066/246)/(((-5)/36)/(-5))?
True
Let z = 77 + -109. Let s = z - -143. Is 28 a factor of s?
False
Let y = 4 - -2. Suppose 0 = -4*k + 22 + y. Suppose -k = 3*p - 4*p. Does 7 divide p?
True
Suppose -5*z - 1542 = -552. Let d = -78 - z. Is 8 a factor of d?
True
Let p = 51 + -28. Let h = -18 + p. Suppose 24 = 2*n + h*o - 3*o, n - 32 = 3*o. Is 10 a factor of n?
False
Suppose 10 = 4*x + x. Suppose -x*y + 3 = -7. Suppose -j + y*j = 168. Is 11 a factor of j?
False
Let c(k) = -2*k**2 + 52*k + 4. Is c(7) a multiple of 15?
True
Suppose -j + 5*p + 9 - 1 = 0, -3*p - 84 = -3*j. Suppose -2*i + i = -f - j, 5*i - 125 = -3*f. Does 7 divide i*(-3 + 2)/(-1)?
True
Does 9 divide 1*-7 - (126/7 - 121)?
False
Let k = -200 - -323. Does 8 divide k?
False
Suppose 3 = -11*y + 3. Suppose y = -10*k + 879 - 369. Is k a multiple of 10?
False
Let v be 0/(1*-2) + -20 + 22. Suppose 2*o + 1 = 9. Suppose r + r = -o, -v*r - 108 = -4*x. Is 13 a factor of x?
True
Is (1332/42)/(-1 - (-268)/266) a multiple of 74?
True
Suppose -2*u + 1063 = s, u - 6*s - 535 = -3*s. Does 19 divide u?
True
Let h(x) = x**3 - 44*x**2 - 40*x + 112. Is h(45) a multiple of 24?
False
Suppose d + 4*r = 2844, 0*d - d + 3*r = -2865. Does 136 divide d?
True
Let i = -63 - -70. Suppose -55 = -2*s + i. Does 19 divide s?
False
Let a(f) = f**3 + 11*f**2 + 11*f + 12. Let z be a(-10). Let q be z + -1 + 4 + 0. Suppose 0 = 5*t + q - 45. Is t a multiple of 8?
True
Let q = 52 - 50. Suppose m - 222 = -4*m - q*r, 84 = 2*m + 2*r. Is m a multiple of 21?
False
Let o(y) = 7*y**2 - 7*y - 26. Is 61 a factor of o(-7)?
True
Let l be (1*-3)/(-5 - (-14)/4). Suppose 5*h + k = -l*k + 306, 2 = k. Is h a multiple of 15?
True
Suppose -974 = -2*q + 4*p, 2*p + 1095 = 5*q - 1308. Suppose 0 = -5*d - 3*o + 1181, d + d - q = o. Does 14 divide d?
True
Let h(v) = -v**3 - 5*v**2 + 5*v - 9. Let r be h(-6). Is ((-203)/r - 1)*3 a multiple of 50?
True
Suppose -b = n + 4*n + 6, -2*b - 4 = 2*n. Let o be (-276)/14 + (-4)/14. Is 4 a factor of n + -2 + 6 - o?
False
Let n(u) = -4*u**3 - u**2 - u - 1. Let w = 5 - 6. Let m be n(w). Suppose 11 = m*b + 2*v, -1 = -4*b - 2*v + 13. Is 3 a factor of b?
True
Let m = -82 + 21. Let q = 84 + m. Is 6 a factor of q?
False
Let s = -656 + 1268. Is 12 a factor of s?
True
Suppose 0 = -9*g + 11561 - 3614. Is 12 a factor of g?
False
Let v(u) = -2*u**2 - 9*u**2 - 14*u + 2*u**2 - 4 + u**3. Is 7 a factor of v(11)?
True
Does 9 divide 6/(90/6069) - (-52)/130?
True
Let t = -36 - 44. Let g = 140 + t. Does 15 divide g?
True
Suppose 106*j - 112*j = -690. Does 23 divide j?
True
Let b = 6 - -186. Is 10 a factor of b - (6/(-3) - -4)?
True
Let s be 1*-1*7*-1. Suppose -3*q + 3*z + 149 + 4 = 0, 0 = 3*q - 2*z - 150. Let m = q + s. Is m a multiple of 11?
True
Is (-82)/((-2)/5 + (-2)/20) a multiple of 4?
True
Let r = 219 + -179. Does 20 divide r?
True
Suppose 1796 = 27*y - 4414. Is 3 a factor of y?
False
Suppose -27 = -3*n + 4*i + 1, -3*i = -3*n + 24. Is -2 + 47 - (n - 6) a multiple of 2?
False
Let c = 218 + -194. Is 10 a factor of c?
False
Suppose 0*o = -5*o - 3*w + 1710, -4*w + 359 = o. Is o a multiple of 22?
False
Suppose -2*q + 2 = -6. Suppose -q*g = -g. Let i = 10 + g. Does 10 divide i?
True
Let a(g) = 2*g**2 + 68*g + 108. Is 6 a factor of a(-36)?
True
Let u(y) = 10*y + 107. Is u(21) a multiple of 10?
False
Let h(o) be the third derivative of -o**5/60 - 5*o**4/8 + 5*o**3/6 + 11*o**2. Does 3 divide h(-14)?
False
Let q = -2 + 27. Let f = q + -14. Does 3 divide f?
False
Suppose -2*v + 32 = 3*q, 2*v + 2*v - 80 = -2*q. Let s = v + -4. Is 6 a factor of s?
True
Let v(k) = -9*k + 6. Let a be v(-5). Let p = -77 + a. Let x = 3 - p. Does 29 divide x?
True
Let w be -2*(-9)/(-6)*1 - -6. Is ((-3)/(-2))/(w*(-1)/(-42)) a multiple of 3?
True
Let w(h) = 2*h**2 + 19*h + 33. Is w(-12) a multiple of 14?
False
Suppose -2378 = -4*p + 2*a, -268*a = -p - 269*a + 587. Does 104 divide p?
False
Let j(a) = 2*a**2 + 4. Let h be j(-6). Let u = h + -43. Is 11 a factor of u?
True
Suppose 2*k - 33 - 29 = 0. Suppose -399 = -5*v + 2*l, 4*l - k = -v + 62. Is 9 a factor of v?
True
Suppose -5*v - 10849 + 3350 = -4*t, 0 = -t + 5*v + 1856. Is t a multiple of 39?
False
Suppose -10*u + 14*u - 12 = 0. Suppose -5*f + u*s + 1489 = 0, 4*f - 289 = 3*f + 5*s. Is f a multiple of 13?
True
Suppose 2*r = -1269 + 2263. Does 7 divide r?
True
Let z be 0 + (12 + 2)*-3. Let o = -87 - z. Let h = o + 72. Is h a multiple of 9?
True
Let x(y) = -y**2 + 3*y + 4. Let z be x(3). Let o(s) = -152*s**2 - 145*s**2 + 6*s + 298*s**2 + s + s**3. Does 27 divide o(z)?
True
Let m(w) be the first derivative of 2/3*w**3 - 6*w + w**2 - 6. Does 21 divide m(-5)?
False
Suppose -3*y - 12 = 0, 2*z - 3*y = -5*y. Suppose -z*t - 6 = -5*t. Does 5 divide 12/(t*(-2)/(-8))?
False
Let f(i) = -371*i - 7. Is f(-1) a multiple of 52?
True
Suppose 4*r - 2*r - 4 = 0. Suppose 2*i - 12 = -r*i. Suppose -u = i*h - 31, 0 = -0*u + 4*u - h - 59. Does 8 divide u?
True
Let h(k) = 54*k**2 - 10*k + 17. Does 43 divide h(3)?
True
Let f be (-4)/18 - (-764)/36. Suppose 6*q = 321 + f. Is q a multiple of 10?
False
Let a(z) = -z**3 + z**2 + 1. Let r = 5 - 5. Let h be a(r). Is 15 a factor of 78/6 + 1 + h?
True
Let b(s) = s**3 + 9*s**2 + 7*s - 3. Let v be b(-8). Suppose -4*w + v*p + 61 = 0, 0*w - 25 = -w - 2*p. Does 3 divide w?
False
Let b = 1550 + -1081. Is 80 a factor of b?
False
Suppose 1058 = 3*p + b - 167, -2*p + 818 = 2*b. Is p a multiple of 20?
False
Let a(b) = 5*b**3 - 8*b**2 + 11*b + 10. Is a(6) a multiple of 14?
True
Let n(b) = -b**3 + 9*b**2 - 10*b + 8. Let m be n(8). Let k = m + 9. Let d(w) = 31*w + 1. Is d(k) a multiple of 19?
False
Let i = -368 + 567. Let v = i + -24. Is (16/(-10))/((-5)/v) a multiple of 10?
False
Suppose 956 = 2*g - 5*y - 1553, -5*g + 2*y + 6241 = 0. Is g a multiple of 24?
False
Let n(f) = -f**3 + 7*f**2 + 4*f - 25. Let o be n(7). Suppose 0 = -o*g - 5*g + 32. Does 3 divide g?
False
Let i be (8/10)/(7/(-35)). Let z be 4 + 2/i*2. Suppose -3*j - 123 = -4*q, 2*q - z*j - 69 = -0*j. Does 11 divide q?
False
Suppose -2*t + 6 = -0*t. Suppose -29 - 46 = -t*w. Suppose -5*b + 6*b = w. Is b a multiple of 8?
False
Suppose 4*n + 3*h = -h - 16, -n = 5*h + 24. Let t(l) = 10*l**3 + l - 2. Is t(n) a multiple of 9?
True
Suppose 7*h - 5*h - 52 = 0. Suppose 0 = -h*s + 21*s + 90. Suppose 3*p - 5*x = s